de o?
False
Is 4 a factor of 3024/(-35)*80/(-12)?
True
Suppose -3*k - 5*j + 3340 = 0, 4*k - j - 1116 = 3*k. Is k a multiple of 14?
False
Suppose 6*t = 4*t. Suppose 5*k + 5*w - 35 - 30 = t, -2*k = -5*w - 19. Is 2 a factor of k?
True
Let o(l) = -74*l**3 + l**2 - l. Is o(-2) a multiple of 26?
True
Let a(i) be the third derivative of -i**4/6 - 4*i**3/3 - i**2. Let c be 4/(-16)*-4*(-6 - 0). Does 16 divide a(c)?
True
Does 93 divide 2875 - ((-6 - -2) + -4)?
True
Let m = 630 + 1180. Does 46 divide m?
False
Suppose -4*x = -8, 5*x + 77 + 135 = h. Is 6 a factor of h?
True
Let t = -5 - -8. Suppose -2*q = -2*j + 3*q + 33, -2*j - 2*q = 2. Suppose j*a + 72 = w + t*w, -38 = -w + 5*a. Does 13 divide w?
True
Let d(w) = -w**2 - 3*w + 30. Let n be d(-7). Suppose 0 = 2*h - p - 31, n*h + h + p = 44. Is h a multiple of 3?
True
Let m be (5/2)/5*20. Suppose 4*z + m - 34 = 0. Is 7 a factor of 750/27 + z/27?
True
Let q be 16/28 - (-40)/28. Suppose 7*t - 192 = q*t - 2*f, -5*t = 5*f - 195. Is 8 a factor of t?
False
Let l be 22*2/(-10) - 2/(-5). Is (-72)/(-30)*(2 + (-102)/l) a multiple of 11?
True
Let a(v) = v**3 + 21*v**2 + 20*v + 4. Suppose -4*i - 40 = z, -2*i - 91 + 1 = 4*z. Is a(z) a multiple of 2?
True
Suppose 0 = -5*a - b + 138, a = -0*a + b + 24. Does 18 divide (a*1)/((-39)/(-130))?
True
Suppose 4*d - 2417 - 591 = 0. Does 16 divide d?
True
Let l(f) = -f**3 - 5*f**2 - 2*f + 51. Does 15 divide l(-10)?
False
Is 25/((-750)/(-27828)) + 4/10 a multiple of 16?
True
Is 96672/380 + (-2)/5 a multiple of 2?
True
Let a(k) = -5*k - 1. Suppose -2*o = 2*u - 18, 6 = o - 2*u - 6. Let j = o + -19. Is a(j) a multiple of 12?
False
Suppose -5*q + 10*q - 1000 = 0. Is q a multiple of 18?
False
Let n = -102 - -238. Suppose -4*k + n = -0*k. Is 2 + (-2 - 0) + k a multiple of 10?
False
Suppose 5*f - 4*r - 128 = 0, -43 + 3 = -f - 4*r. Does 2 divide f?
True
Is (-6)/39 + (-10107)/(-39) a multiple of 37?
True
Let o(q) = -2*q**2 + 2*q. Let k be o(0). Suppose k = -3*v + 2*v - 2*x + 68, 0 = -4*v - 2*x + 296. Is 38 a factor of v?
True
Suppose -42 = 3*n - 4*n. Let u = 171 - n. Let y = -83 + u. Does 15 divide y?
False
Let u be 2/4*(11 + 1). Let z be 258/(-9)*u/(-4). Let f = 111 - z. Does 26 divide f?
False
Suppose -4*u - 11 = -5*u. Let y = u - 6. Let o(n) = n**3 - 5*n**2 + 8*n + 5. Is 15 a factor of o(y)?
True
Suppose -7 = -4*j + 25. Suppose 8*z - j = 4*z. Suppose 235 = -z*n + 7*n. Is n a multiple of 16?
False
Let k(b) = -12*b - 16. Let h(c) = 35*c + 48. Let a(m) = -3*h(m) - 8*k(m). Is a(-15) a multiple of 17?
True
Let l(y) be the second derivative of -4*y**3/3 - 4*y**2 - 4*y. Let q(o) = 4*o + 4. Let z(a) = -3*l(a) - 5*q(a). Does 7 divide z(7)?
False
Is 21 a factor of 5048 - (84/7 + -4)?
True
Let p(r) = -2*r**3 - 25*r**2 - 4*r - 34. Is p(-14) a multiple of 10?
True
Suppose 3*h + w = 348 + 178, 4*w + 8 = 0. Does 22 divide h?
True
Suppose -2*v + 9 = -13. Let x = v - -10. Is x even?
False
Let i(o) be the first derivative of -o**4/4 + 2*o**3 - 3*o**2 - 10. Is 2 a factor of i(4)?
True
Let j = -68 + 173. Let x = j - 64. Suppose o + x = 2*o. Does 9 divide o?
False
Let q = -32 + 41. Is 3 a factor of (-3 + q/6)*-4?
True
Let y(p) be the first derivative of -3*p**2 - 19*p + 12. Is 13 a factor of y(-11)?
False
Is 11 a factor of (0 + 1614/(-10))*(-25 + 20)?
False
Is 6/(-108)*3 + 63165/18 a multiple of 14?
False
Let p(m) = -147*m + 66. Is 18 a factor of p(-3)?
False
Suppose 0*l - 3*g + 65 = 2*l, g = 2*l - 85. Suppose 0 = -4*k - k + l. Let b(a) = 8*a - 4. Is 20 a factor of b(k)?
True
Let r(g) = -26*g**3 - 2*g**2 - 5*g - 7. Let h be r(-2). Let u = -108 + h. Is 14 a factor of u?
False
Suppose 0*h = m - 2*h + 1, -3*h - 6 = 0. Does 4 divide ((-4)/m)/((-2)/(-60) + 0)?
True
Let w be (400 - 2 - 5) + -1. Suppose 2*n - w = -2*h, 0 = -n - 5*h + 198 - 10. Does 18 divide n?
True
Suppose -5*l - 316 + 1631 = 0. Is 23 a factor of l?
False
Suppose 3*y - 1 - 5 = -4*p, -4*y - 8 = 0. Let t(a) = a**2 + a - 7. Is t(p) a multiple of 2?
False
Let t(q) = -3*q + 41. Is 7 a factor of t(-5)?
True
Suppose 4*t + t - 650 = 0. Let f(g) = g**2 - 7*g + 13. Let m be f(5). Suppose -131 = -4*v + u, m*u = 4*v + u - t. Is v a multiple of 20?
False
Let a(d) = -d**3 + 7*d**2 + 4*d. Let q be a(6). Is 9 a factor of (1 - 2) + (q - 7)?
False
Let r = 110 + -161. Does 5 divide 526/10 + 0 + r/85?
False
Suppose 3*l - 5*f - 1195 = 0, 10*f - 11*f + 1555 = 4*l. Is 30 a factor of l?
True
Suppose 0 = i + 2*i. Let y = 21 - i. Is 3 a factor of 2/(-6) - (-133)/y?
True
Let c(y) = -8*y - 1. Let h(k) = -k. Let z(w) = c(w) - 2*h(w). Let p be z(-8). Let n = p - 15. Does 8 divide n?
True
Let b(z) = z**2. Let f be b(-3). Let r be 2/f + 1640/(-90). Let n = 0 - r. Is 6 a factor of n?
True
Suppose 2*f - 79 + 25 = 0. Is f a multiple of 9?
True
Suppose 3*l = -3, g + 5*l - 3*l = 3. Let f = 1 - g. Let i = 7 + f. Is 2 a factor of i?
False
Is 19 a factor of (-1)/3 - 3594/(-9)?
True
Suppose -5*j + 5*b - 10 = 0, -3*b = -2*j - 7*b + 8. Suppose -4*r + 7*u = 2*u + 4, j = -4*r + 4*u - 4. Is (-4 + 11)/(r/(-2)) a multiple of 7?
True
Suppose -19*l + 13*l - 12 = 0. Let b(w) = -4*w**3 + 0 + 1 + 2*w + w**2 + 0*w**3. Is 12 a factor of b(l)?
False
Let y(u) = 50*u + 14. Let k(o) = 33*o + 9. Let n(r) = 8*k(r) - 5*y(r). Is 10 a factor of n(2)?
True
Is -4 - ((-2)/15 + 23915/(-75)) a multiple of 9?
True
Suppose 26*t - 46*t + 14760 = 0. Is 8 a factor of t?
False
Let m = 163 - 108. Is m a multiple of 13?
False
Suppose -u + 110 = 4*i, 4*u = -0*u - 4*i + 464. Suppose -3*l + u - 43 = 0. Suppose -4*j + l + 27 = 0. Does 13 divide j?
True
Let t = -2415 - -4300. Is t a multiple of 29?
True
Let p(h) = 8*h**2 + h - 40. Is p(-8) a multiple of 58?
True
Let f be (-7 + 2 - -11)*6/4. Suppose -f*n + 45 = -6*n. Is 3 a factor of n?
True
Suppose -3*j + 3 + 0 = -3*y, 3*y - j - 5 = 0. Let u = 0 + y. Suppose z = u*z - 40. Is z a multiple of 7?
False
Let p = -74 - -32. Let x = 70 + p. Suppose -2*w + 4 = -x. Does 16 divide w?
True
Let w(l) = 3*l**2 + 38*l - 21. Is 28 a factor of w(-21)?
True
Let r(v) = 214*v + 172. Is 12 a factor of r(5)?
False
Let x = 282 - -111. Is x a multiple of 57?
False
Let l be ((-2)/6)/((-16)/(-96)). Let d be l/(4/72*-4). Let u = d - -50. Does 18 divide u?
False
Suppose 70 = w - 70. Let v be (21/(-4))/((-15)/w). Suppose v = z - 35. Is z a multiple of 21?
True
Let n(x) = 28*x**2 + 11*x + 43. Does 14 divide n(-5)?
False
Let z be 1*(-1 - 2) + 31. Suppose l = -4, -g - z = 5*l - 0*l. Let x(j) = -j**3 - 8*j**2 - 5*j + 5. Does 15 divide x(g)?
True
Let f(c) = 9*c + 2 + c**2 + 2 + 4. Let s be f(-6). Let o(n) = n**2 + 10*n + 12. Is 5 a factor of o(s)?
False
Is 29 a factor of (8/10)/(11/(127600/32))?
True
Let u(x) = -3*x - 22. Let s be u(-8). Suppose -2*p + 326 = 5*k, 2*p + 134 = s*k + p. Is 17 a factor of k?
False
Let j(h) = -7*h - 2. Let u(c) = 48*c + 15. Let v(m) = -30*j(m) - 4*u(m). Is 12 a factor of v(2)?
True
Suppose -5*i - 96 = 2*p, p - 4*i + 48 = -6*i. Let j be (2*3)/(38/513). Let w = p + j. Does 7 divide w?
False
Let q(v) = 81*v**2 + 2*v + 1. Suppose -2 - 3 = m. Let d = m - -4. Does 26 divide q(d)?
False
Let x(j) = j**2 + 2*j + 18. Suppose c - 6 = 4*h - 1, 5*c = 25. Is 3 a factor of x(h)?
True
Does 48 divide ((-8)/(-10)*(-3410)/(-4))/2?
False
Let j = 609 - -351. Is j a multiple of 6?
True
Let m = 83 - 80. Does 4 divide (-2)/m + (-888)/(-36)?
True
Let t = 24 - 54. Let i = 15 + t. Does 22 divide 2/3 + (-320)/i?
True
Let p = -833 - -277. Is 12 a factor of (p/(-32)*4)/(1/2)?
False
Let c = 1 + -6. Suppose 4*w - 19 = 25. Let r = c + w. Is 2 a factor of r?
True
Suppose 84*n - 2187 - 1173 = 0. Does 3 divide n?
False
Suppose 6*c = 435 + 399. Suppose c - 25 = 6*r. Does 5 divide r?
False
Let q be (-30)/(-3) + (-1 - -2). Let t(b) = 6*b**2 - 6*b. Let n(i) = -i**2 - 1. Let l(x) = 5*n(x) + t(x). Is 15 a factor of l(q)?
False
Suppose a - 4*a = 15. Is (-181)/(-3) - a/(-15) a multiple of 8?
False
Let c be 1 + 0/(-1 - -2). Let w be 48*(c + 2 + -2). Let u = w + -30. Does 4 divide u?
False
Let n = -2718 + 4708. Is n a multiple of 76?
False
Let d(c) = -2*c**2 + 8*c. Let m be d(8). Let a = 28 - m. Does 15 divide a?
False
Let a(r) = 7*r**2 - 23 + 8*r - 24*r**3 + 14*r**3 + 9*r**3. Does 3 divide a(7)?
True
Let n(x) = -x**3 + 20*x**2 - 68*x + 21. Is 21 a factor of n(15)?
True
Let t(f) = f**3 - 18*f**2 + 10*f + 15. Let b be t(11).